what is -bd - -4?
-b9
In base 16, what is 556 - 3?
553
In base 15, what is 2445 - -4?
2449
In base 6, what is -101 + -5?
-110
In base 16, what is -3f + -44?
-83
In base 6, what is 13 - -2404?
2421
In base 15, what is 45c + -5?
457
In base 14, what is -3 - -31?
2c
In base 5, what is 132114 + -10?
132104
In base 14, what is -3 + -102?
-105
In base 11, what is 3a1 + 5?
3a6
In base 13, what is 5 - -718?
720
In base 15, what is -ee - -3?
-eb
In base 9, what is -3 + -3?
-6
In base 13, what is -ab6 + 5?
-ab1
In base 11, what is -1 - 5a0?
-5a1
In base 3, what is -1 + 22211?
22210
In base 16, what is 9 + -63a?
-631
In base 8, what is 220 + -3?
215
In base 8, what is -66 - 5?
-73
In base 6, what is -500 + 0?
-500
In base 10, what is -103 - 4?
-107
In base 5, what is 2 - -232?
234
In base 7, what is -2 + 62?
60
In base 14, what is 631 + -a?
625
In base 6, what is 15 - 12?
3
In base 8, what is 144 + -1?
143
In base 3, what is -12 + 1022?
1010
In base 3, what is 10200 + -12?
10111
In base 10, what is 0 + 493?
493
In base 14, what is -a + -a1?
-ab
In base 4, what is 3 - -1133?
1202
In base 2, what is -10111 + 1111100010?
1111001011
In base 11, what is 300 + -3a?
271
In base 16, what is -1 - -ab5?
ab4
In base 8, what is 1 + -54?
-53
In base 14, what is -b + 2?
-9
In base 7, what is 3 + -3200?
-3164
In base 8, what is -22642 + 3?
-22637
In base 13, what is -2 - -1cb?
1c9
In base 14, what is 52 + -11?
41
In base 15, what is -18 + a?
-d
In base 15, what is -ba5 - 0?
-ba5
In base 5, what is 310 - -3?
313
In base 3, what is 1 + 10?
11
In base 4, what is 110213 - 0?
110213
In base 16, what is -11ac - 0?
-11ac
In base 4, what is -10 + 332223?
332213
In base 5, what is 43 - -14?
112
In base 2, what is 111011 + 1011?
1000110
In base 5, what is 10 + 3332?
3342
In base 11, what is -10 + -1a9?
-209
In base 4, what is -1212223 + -11?
-1212300
In base 16, what is -1 + a5?
a4
In base 10, what is 10 + -219?
-209
In base 13, what is 3 - b48?
-b45
In base 2, what is 11 + -1001011?
-1001000
In base 10, what is -2 - -51?
49
In base 3, what is -221 + -102?
-1100
In base 8, what is -156 + -31?
-207
In base 14, what is 6 - -25?
2b
In base 10, what is 871 + -3?
868
In base 11, what is 816 + 2?
818
In base 12, what is -a + 150?
142
In base 15, what is 5a + -78?
-1d
In base 3, what is -2212 + 21?
-2121
In base 16, what is 43e + 2?
440
In base 4, what is -10 + -1301?
-1311
In base 7, what is 56 + -525?
-436
In base 4, what is -2 + -10131?
-10133
In base 6, what is 0 - -12453?
12453
In base 8, what is -447 + 1?
-446
In base 12, what is 274 - 4?
270
In base 6, what is -4 + 102?
54
In base 3, what is -11112210 + -2?
-11112212
In base 3, what is -202110121 + -12?
-202110210
In base 10, what is -7 + 463?
456
In base 8, what is 1 - -226?
227
In base 7, what is 2 + -231?
-226
In base 10, what is -59 - -61?
2
In base 13, what is 2 + 74?
76
In base 9, what is 78 + -4?
74
In base 4, what is 11 - 21?
-10
In base 2, what is 0 + 1010110?
1010110
In base 12, what is -7b8 + -2?
-7ba
In base 11, what is -3 + 32?
2a
In base 15, what is 8 + -138?
-130
In base 11, what is 29 - 7?
22
In base 12, what is 1 + 33?
34
In base 8, what is -1 - 206?
-207
In base 6, what is 113 - -1?
114
In base 12, what is 49 - 73?
-26
In base 12, what is 103 - a?
b5
In base 15, what is 0 - de0?
-de0
In base 2, what is 11 - -10001?
10100
In base 9, what is -823 - -4?
-818
In base 4, what is -12011 + -3?
-12020
In base 9, what is 4 - 2?
2
In base 4, what is -10 + -2?
-12
In base 2, what is -1 - -10001011011?
10001011010
In base 4, what is -20101 + -101?
-20202
In base 5, what is -41144 - 1?
-41200
In base 3, what is 20 + -1101021?
-1101001
In base 15, what is 52 - -3?
55
In base 2, what is -110010 + 1001?
-101001
In base 6, what is -3 + 214?
211
In base 4, what is 121 - -1?
122
In base 3, what is 22220 - 12?
22201
In base 10, what is -40 - 4?
-44
In base 6, what is 1 + 3?
4
In base 7, what is -1460 - 3?
-1463
In base 13, what is -2 - 2?
-4
In base 5, what is -1403 - -2?
-1401
In base 3, what is -11 + -1001200?
-1001211
In base 6, what is 2 - 4412?
-4410
In base 8, what is -40 + 30?
-10
In base 12, what is -238 + 27?
-211
In base 6, what is 142 - 13?
125
In base 16, what is 20b + 4?
20f
In base 4, what is -10 + 130002?
123332
In base 8, what is -4 + -144?
-150
In base 6, what is -315 + -2?
-321
In base 6, what is -221 + -41?
-302
In base 2, what is 1 + 1000011?
1000100
In base 2, what is -1000 - 10000?
-11000
In base 2, what is 101 - 100?
1
In base 12, what is 0 + 235?
235
In base 9, what is -7 - -30?
22
In base 16, what is -c1 - 25?
-e6
In base 4, what is -2 - 10023?
-10031
In base 12, what is 4 - 346?
-342
In base 2, what is -110 - -1110100?
1101110
In base 9, what is 2 + 183?
185
In base 8, what is 73 + 34?
127
In base 14, what is 5b + 3?
60
In base 7, what is -4 + 1143?
1136
In base 8, what is 3203 + -3?
3200
In base 3, what is -2 - -12002?
12000
In base 5, what is 11 - 31?
-20
In base 6, what is -143 - -33?
-110
In base 4, what is -1 - -123032?
123031
In base 2, what is 1000001 - 111?
111010
In base 6, what is 2 + 315?
321
In base 8, what is -3 + 121?
116
In base 6, what is -2 - -434?
432
In base 8, what is 1725 - 2?
1723
In base 11, what is -6a + -64?
-123
In base 2, what is 0 + 101011111110?
101011111110
In base 10, what is -21 - 5?
-26
In base 15, what is 10c - -4?
111
In base 8, what is 4 + -3?
1
In base 6, what is -40 - -21?
-15
In base 5, what is 10 - -41?
101
In base 14, what is 5 + -11d?
-118
In base 2, what is -110 - -1110?
1000
In base 8, what is -41 - -6?
-33
In base 5, what is -1131 - -311?
-320
In base 10, what is 112 - 21?
91
In base 4, what is -10 + 102010?
102000
In base 13, what is -248c - -5?
-2487
In base 15, what is -4 - -144?
140
In base 5, what is 4 + -1?
3
In base 10, what is -441 - -8?
-433
In base 13, what is 2 + -11?
-c
In base 7, what is -14 - 1?
-15
In base 3, what is 10210222 + 1?
10211000
In base 12, what is -b7 - -3?
-b4
In base 16, what is -9 - 70?
-79
In base 6, what is 3145 - 4?
3141
In base 4, what is 3011 + -11?
3000
In base 15, what is 296 + 8?
29e
In base 5, what is 4201 + 14?
4220
In base 10, what is -8101 + -5?
-8106
In base 8, what is -3 - 55?
-60
In base 3, what is -1 + -2000?
-2001
In base 14, what is 6d + 2?
71
In base 10, what is -224 - -3?
-221
In base 11, what is 272 - 11?
261
In base 14, what is 36 - 162?
-12a
In base 9, what is -3 + 66?
63
In base 15, what is -4a - -4?
-46
In base 6, what is 10500 - 5?
10451
In base 10, what is 33 + -70?
-37
In base 3, what is -1201 + -211?
-2112
In base 16, what is -5 + e2?
dd
In base 4, what is 11 + 202?
213
In base 7, what is 14 + 214?
231
In base 12, what is -22b - 5?
-234
In base 7, what is 246 - 2?
244
In base 5, what is 332 + 2?
334
In base 8, what is -151050 - -2?
-151046
In base 10, what is 345 + -3?
342
In base 8, what is -20 + 106?
66
In base 6, what is -20 + 4?
-12
In base 7, what is -13 + 615?
602
In base 4, what is 133 + 22120?
22313
In base 9, what is -4 + -5?
-10
In base 5, what is -202222 - -3?
-202214
In base 4, what is -21 - 201?
-222
In base 5, what is -11112 - 10?
-11122
In base 8, what is 357 + 0?
357
In base 10, what is -622 - 8?
-630
In base 15, what is -1 + -2?
-3
In base 5, what is 12 - -310?
322
In base 11, what is 20 - -4?
24
In base 9, what is -5 - 24?
-30
In base 12, what is -5 + -4980?
-4985
In base 7, what is -5 + -120?
-125
In base 3, what is 10 - 1020?
-1010
In base 3, what is 2112 + -2?
2110
In base 5, what is -220 + -13?
-233
In base 9, what is -2615 + 2?
-2613
In base 7, what is 3 + 22?
25
In base 16, what is 4 + -14?
-10
In base 6, what is -22 - -143?
121
In base 12, what is 2 + -b42?
-b40
In base 10, what is -47 + 3?
-44
In base 11, what is -3 + -40?
-43
In base 2, what is -11 - -100010101001?
100010100110
In base 14, what is 5 - -da4?
da9
In base 3, what is 1122 + 1211?
10110
In base 6, what is 150055 + -2?
150053
In base 5, what is -3 + -10043?
-10101
In base 11, what is -50 + 0?
-50
In base 7, what is -4 + 26?
22
In base 13, what is 1 - 762?
-761
In base 15, what is -a21 + -3?
-a24
In base 5, what is -240 + 2?
-233
In base 6, what is 5 + -3355?
-3350
In base 8, what is -107 + 77?
-10
In base 8, what is -2 - -23746?
23744
In base 2, what is -1001101 + 1000110?
-111
In base 13, what is -39 + 48?
c
I